+ 17*x**2 - 29*x + 3. Is i(4) a composite number?
True
Let w(y) = -958*y + 2. Let q be w(2). Let h = -1143 - q. Is h composite?
True
Let r be -55 + 6*10/(-15). Let s = r + 306. Is s composite?
True
Let x(w) = 38*w - 7. Let f be (2/3)/((-8)/(-84)). Is x(f) prime?
False
Suppose 7969 + 8632 = 13*q. Is q composite?
False
Is 2 + 0 + 1519 - (-28)/(-7) a prime number?
False
Let o(u) = 22*u**2 + 1. Let s be o(2). Suppose 3*w + 3 = 0, 3*w - s = -5*a + 2*w. Suppose -14 = -i + 2*h, 5*h - h + a = i. Is i a composite number?
True
Suppose -2*r + 2*t + 3*t + 8890 = 0, 4*r = -2*t + 17828. Let w = r + -2044. Is w a composite number?
False
Let w be 1 - -2 - (-11 + 22). Let x be ((-15)/(-12))/((-2)/w). Suppose -x*o + 385 + 1105 = 0. Is o prime?
False
Let w(k) = -10*k + 44617. Is w(0) a composite number?
False
Let w = 218 - -45. Is w composite?
False
Let z = -30 - -30. Suppose -8*u + 5*u + 471 = z. Is u prime?
True
Let v(l) = l**3 - 10*l**2 - 8*l - 6. Let x be v(13). Is x*((-3)/5)/((-6)/30) prime?
False
Let a(z) = -z - 5. Let b be a(-9). Let n be ((-12)/(-6))/(b/(-378)). Is (146/(-6))/(9/n) prime?
False
Let q(o) = -490*o - 12. Is q(-1) prime?
False
Let g(s) = s**3 - 11*s**2 - 24*s - 22. Let u be g(13). Is 94425/55 + u + (-6)/(-33) a composite number?
False
Is (-68 + 69034)*3/6 prime?
True
Let m(l) = 14*l**3 + 3*l**2 + 2*l - 7. Let z(c) = 7*c**3 + c**2 + c - 3. Let i be (6/(-9) - 1)*-3. Let r(v) = i*z(v) - 2*m(v). Is r(2) a composite number?
False
Let o(v) = -4505*v - 11. Is o(-2) prime?
True
Let t be (-12618)/(-30) + 3/(-5). Suppose 475 = 5*x - t. Is x composite?
False
Let v(d) = 13*d**2 - 4*d + 2. Let i be v(2). Let w = i - 10. Suppose -3*h - w = -201. Is h a composite number?
True
Suppose -5*b + 2*y - 28 = 0, -4*b = -2*b - 3*y + 20. Let x(u) = -u + 1 + 3*u**2 - u - 2*u - 3*u**3. Is x(b) composite?
False
Let y(u) = 3*u**3 + 7*u**2 - 29*u + 32. Is y(11) composite?
True
Is (30/(-24) - 0)/(7/(-14252)) prime?
False
Suppose 4*a + 1700 = 260. Let v(m) = -53*m + 10. Let u be v(-15). Let w = u + a. Is w composite?
True
Let v = -42112 - -83369. Is v a composite number?
False
Is (-543540)/(-108) + (-2)/(-9) a prime number?
False
Is 18401/2 - (-54)/(-36) a prime number?
True
Is 2/(-2) - (-164180 + 8)/6 a composite number?
False
Let m(b) = -4*b + 23. Let g be m(-7). Suppose -263 = -2*l - g. Is l prime?
False
Is 20559/35 + (-12)/30 a prime number?
True
Suppose j + 2*d + 2743 = 2*j, 4*d + 8221 = 3*j. Is j a composite number?
True
Let v(g) = g + 2. Let s be v(1). Suppose -s*x = -5*x + 432. Suppose -1473 + x = -3*i. Is i prime?
True
Let p(c) = 34*c**2 - 4*c - 7. Let t be p(-8). Suppose -2*a = 2*h - 882, -5*h + t = -2*a + 6*a. Is h prime?
False
Let y(k) = 32*k**3 - 71*k**2 - 8. Is y(9) prime?
True
Suppose -3 + 11 = -4*s. Let u = s - -456. Is u a composite number?
True
Is 31676 + (-140)/(-84)*(2 + 1) prime?
False
Let g(k) = -k - 24. Let i be g(-24). Suppose 853 = 2*t - 3*r, i*t + r - 419 = -t. Is t a composite number?
True
Suppose -2*b - 14 = 4*x - 6, 0 = b + 5*x + 10. Suppose 2*s + 4 = -3*u, 5*u - 15 = -8*s + 9*s. Is 140/8*(u - b) a prime number?
False
Let h be 10 + -7 - 56/2. Let v = 88 - h. Let a = 216 - v. Is a a prime number?
True
Let n(z) = -31*z**3 - 6*z**2 + z + 5. Let c be n(-5). Suppose 14*g = 19*g - c. Is g a composite number?
True
Let r be -1 + 1 - 4 - 488. Let b = r - -837. Suppose 0 = 4*a - a - b. Is a a prime number?
False
Let o(s) = 4*s**2 - s + 46. Let f be o(-5). Let p(a) = -4*a - 3. Let t be p(-2). Suppose -f = -t*h + 4*n, -2*n + n = 3*h - 94. Is h a prime number?
True
Let p(z) = 356*z + 135. Is p(10) a composite number?
True
Let h be (-4)/6 - 307576/(-24). Suppose -h = -10*s + 1005. Is s prime?
False
Let u = -16 + 15. Let k be -4*u*(-1)/(-4). Is k*(1 - 1 - -199) prime?
True
Let w(i) = -2*i**3 + 29*i**2 + 18*i - 35. Is w(14) composite?
True
Suppose -5*u + 2*u = -45. Suppose -11*o + 12*o = u. Is o a composite number?
True
Let f be (0/2 + 0)/2. Suppose f*g + 558 = -2*g. Let p = 406 + g. Is p a prime number?
True
Suppose d + 3*z + 24 = -d, 2*d + 8 = z. Let i be d/(-1) - (2 - -1). Suppose -11 = -i*o - 2, -5*r + 1300 = -5*o. Is r a composite number?
False
Let a(j) = 40*j - 293. Is a(9) a prime number?
True
Let k be (-109)/(-2)*(39 + 3 - 4). Let p = k - 1032. Is p composite?
False
Suppose -4*z + 0 + 24 = 0. Let r be (-8)/(-4)*111/z. Suppose -o - 4*k + r = 0, 0 = 3*o - 2*o + 2*k - 45. Is o composite?
False
Let k = 8906 - 4939. Is k a composite number?
False
Is 4 + -117*70/(-5) a composite number?
True
Is (10182786/(-1030))/(3/(-10)) prime?
False
Suppose 5*i - 518 = 277. Let o = 398 - 120. Let s = o - i. Is s a prime number?
False
Let c = -7130 + 11079. Is c composite?
True
Suppose 3*d + f - 2635 = 0, -d = -2*d - f + 881. Is d composite?
False
Let m(o) be the first derivative of o**4/4 - 2*o**3 + 3*o**2 - 8*o - 49. Suppose 3*i + 28 = 7*i. Is m(i) a prime number?
True
Is (4 + 6 + -9)*7057 composite?
False
Suppose 0 = 7*h - 122 - 137. Is h a prime number?
True
Suppose 5*d - 100*t - 74609 = -102*t, 0 = 3*t + 9. Is d composite?
False
Suppose 14*i = -117 + 2315. Is i a prime number?
True
Suppose -4*y = -127 - 37. Let o(l) = -18*l + y*l - 5 + 55*l - 6. Is o(5) a composite number?
False
Let z = 3 + -1. Suppose 5*n = -0*n - h + 1, -5*h = -4*n + 24. Suppose -3*f = z + n, u = f + 14. Is u a composite number?
False
Let x = 15846 - 8779. Is x composite?
True
Let p = 2 - -2. Suppose 6 = p*g + 26, -g - 5 = 5*b. Suppose 4*v - 102 - 478 = b. Is v prime?
False
Let v = 12 + -10. Suppose -v*o + 322 = -292. Is o composite?
False
Let s = -3230 - -6252. Is s prime?
False
Let q = -6 - -11. Let b = q + 173. Suppose l = b + 25. Is l prime?
False
Let j be (2 - 7) + 1 + 1. Is 85/((-3)/9*j) composite?
True
Suppose -3*s + 2*r = 2*s - 45995, 4*r - 9177 = -s. Is s prime?
False
Suppose 7*n - 26693 = 10022. Is n prime?
False
Let w(f) = 8*f - 3. Let u be w(2). Let j = 12 - u. Let z(b) = 84*b**2 - 1. Is z(j) a composite number?
False
Let t be (5 + (2 - 2))/1. Suppose -t = -p + h, -4*h = -4*p - 3*h + 11. Let z = p + 41. Is z a prime number?
True
Let k(z) = -3*z - 4. Let x be k(-5). Suppose -64 = -5*g + x. Suppose 309 = 3*i + 2*y - 452, -g = 3*y. Is i prime?
True
Let v = 72 + 2105. Is v composite?
True
Let g = -11 + 15. Let s(m) = m**2 - 12*m - 27. Let x be s(-5). Suppose g = r, -5*h + 3*r = -3*h - x. Is h prime?
False
Let f = 17 + -13. Suppose -2*p + 5*o - 727 = -4*p, -4*o = f*p - 1472. Is p composite?
True
Let g(h) = -h**2 - 2. Let z be g(2). Let f = z - -101. Is f prime?
False
Let n(b) = 10*b - 6. Let l be n(1). Suppose -z + 2 = 0, 2*w + l*z - 8740 = -2*w. Is w a composite number?
True
Let x = -31888 - -56425. Is x a composite number?
True
Suppose -8*w - 25403 = -15*w. Is w prime?
False
Let k(z) be the third derivative of z**6/60 + z**5/60 - 2*z**2. Let y be k(1). Suppose 2*c = -s + 267, y*c = -5*s + 224 + 1076. Is s a composite number?
False
Let x = 26556 - 15355. Is x composite?
True
Let s(i) = 4*i - 5. Let l be s(5). Let b = -19 + l. Is 475 - 4*b/(-8) a prime number?
False
Let x = 63 - -27. Suppose 37 + x = v. Is v a prime number?
True
Suppose -d - 4 = -f - 0*d, -4 = d. Is 264 + f - (2 - 1) a prime number?
True
Let z(d) = 19*d**2 + 25*d + 7. Is z(-24) a composite number?
True
Let k = -18 - -31. Let s be k/(-2) + (-1)/(-2). Let h = s - -29. Is h a composite number?
False
Let w(d) = d**3 - 9*d**2 + 4*d + 17. Let u = -47 - -56. Is w(u) prime?
True
Let k be (4/(-12))/((35/(-35295))/7). Suppose 5*q - 6542 = 4*t, 5*t + k = 4*q - 2886. Is q composite?
True
Is (-135295)/(-10) + (-3)/(-12)*6 a prime number?
False
Let c(m) = m**3 + 22*m**2 - 25*m - 43. Let d be c(-23). Suppose d*a - a = 826. Is a a prime number?
False
Let a = -4800 - -7523. Is a composite?
True
Let d = 33 - 31. Suppose -5*q + 3*y + 2513 = 0, -d*y = -4*q + y + 2011. Is q prime?
False
Let x = -13 - -20. Let m(n) = 191*n + 24. Is m(x) prime?
True
Suppose f - 5*j + 1 = 0, 4*f + 4*j = 9 + 11. Suppose -5*b + 3*a = -1877, 3*a = 3*b + f*a - 1115. Is b prime?
True
Let g(n) = -n**2 - 20*n - 13. Let q be g(-18). Suppose 0 = q*d - 25*d. Suppose -4*v + d*v + 1708 = 0. Is v composite?
True
Suppose 2*p = -5*x - 3096 + 13538, -5*x - 26105 = -5*p. Is p a composite number?
True
Let g(i) = i**2 - 5*i - 10. Let v be g(9). Let c = -23 + v. Is 1140/(9/c) - 1 